{"id":9,"date":"2022-02-08T13:44:20","date_gmt":"2022-02-08T13:44:20","guid":{"rendered":"http:\/\/sercom.cl\/?page_id=9"},"modified":"2023-10-30T14:26:08","modified_gmt":"2023-10-30T14:26:08","slug":"nosotros","status":"publish","type":"page","link":"https:\/\/sercom.cl\/?page_id=9","title":{"rendered":"NOSOTROS"},"content":{"rendered":"<p>[vc_row css_animation=\u00bb\u00bb row_type=\u00bbrow\u00bb use_row_as_full_screen_section=\u00bbno\u00bb type=\u00bbgrid\u00bb angled_section=\u00bbno\u00bb text_align=\u00bbleft\u00bb background_image_as_pattern=\u00bbwithout_pattern\u00bb z_index=\u00bb\u00bb background_image=\u00bb141&#8243;][vc_column css_animation=\u00bbnone\u00bb][vc_empty_space height=\u00bb100&#8243;][vc_column_text]<\/p>\n<h1 style=\"text-align: left;\">ACERCA DE NOSOTROS<\/h1>\n<p>[\/vc_column_text][vc_empty_space height=\u00bb20&#8243;][vc_separator type=\u00bbsmall\u00bb position=\u00bbleft\u00bb][vc_column_text]<\/p>\n<h3 class=\"p1\" style=\"text-align: left;\">En sus m\u00e1s de 20 a\u00f1os de vida, SERCOM ha logrado una exitosa experiencia en el \u00e1rea de servicios y comunicaciones, puesto que cuenta con una gran cartera de clientes a lo largo de Chile.<\/h3>\n<p>[\/vc_column_text][vc_empty_space height=\u00bb100&#8243;][\/vc_column][\/vc_row][vc_row css_animation=\u00bb\u00bb row_type=\u00bbrow\u00bb use_row_as_full_screen_section=\u00bbno\u00bb type=\u00bbgrid\u00bb angled_section=\u00bbno\u00bb text_align=\u00bbleft\u00bb background_image_as_pattern=\u00bbwithout_pattern\u00bb z_index=\u00bb\u00bb][vc_column css_animation=\u00bbbottom-to-top\u00bb][vc_empty_space height=\u00bb80&#8243;][\/vc_column][\/vc_row][vc_row css_animation=\u00bbelement_from_bottom\u00bb row_type=\u00bbrow\u00bb use_row_as_full_screen_section=\u00bbno\u00bb type=\u00bbgrid\u00bb angled_section=\u00bbno\u00bb text_align=\u00bbleft\u00bb background_image_as_pattern=\u00bbwithout_pattern\u00bb z_index=\u00bb\u00bb][vc_column css_animation=\u00bbnone\u00bb width=\u00bb1\/2&#8243;][vc_column_text]<\/p>\n<h3 class=\"p1\" style=\"text-align: left;\"><strong>MISI\u00d3N<\/strong><\/h3>\n<p>[\/vc_column_text][vc_separator type=\u00bbsmall\u00bb position=\u00bbleft\u00bb][vc_empty_space height=\u00bb20&#8243;][vc_column_text]<\/p>\n<p class=\"p1\">Ser una empresa l\u00edder en el pa\u00eds en Audio Broadcasting, abarcando todas las \u00e1reas del rubro, destacando por un alto grado de eficiencia, calidad en ventas y servicio a los clientes.<\/p>\n<p>[\/vc_column_text][vc_empty_space height=\u00bb80&#8243;][\/vc_column][vc_column css_animation=\u00bbnone\u00bb width=\u00bb1\/2&#8243;][vc_column_text]<\/p>\n<h3 class=\"p1\" style=\"text-align: left;\"><strong>VISI\u00d3N<\/strong><\/h3>\n<p>[\/vc_column_text][vc_separator type=\u00bbsmall\u00bb position=\u00bbleft\u00bb][vc_empty_space height=\u00bb20&#8243;][vc_column_text]<\/p>\n<p class=\"p1\">Conseguir la satisfacci\u00f3n de los clientes, preocup\u00e1ndose de entregarles soluciones profesionales e integrales para obtener una verdadera identificaci\u00f3n con Sercom.<\/p>\n<p>[\/vc_column_text][vc_empty_space height=\u00bb80&#8243;][\/vc_column][\/vc_row][vc_row css_animation=\u00bb\u00bb row_type=\u00bbrow\u00bb use_row_as_full_screen_section=\u00bbno\u00bb type=\u00bbgrid\u00bb angled_section=\u00bbno\u00bb text_align=\u00bbleft\u00bb background_image_as_pattern=\u00bbwithout_pattern\u00bb z_index=\u00bb\u00bb background_color=\u00bb#ffffff\u00bb][vc_column css_animation=\u00bbbottom-to-top\u00bb][vc_empty_space height=\u00bb80&#8243;][\/vc_column][\/vc_row][vc_row css_animation=\u00bb\u00bb row_type=\u00bbrow\u00bb use_row_as_full_screen_section=\u00bbno\u00bb type=\u00bbgrid\u00bb angled_section=\u00bbno\u00bb text_align=\u00bbleft\u00bb background_image_as_pattern=\u00bbwithout_pattern\u00bb z_index=\u00bb\u00bb background_color=\u00bb#ffffff\u00bb][vc_column css_animation=\u00bbbottom-to-top\u00bb width=\u00bb1\/2&#8243;][vc_column_text]<\/p>\n<h3 class=\"p1\">Gerencia<\/h3>\n<p>[\/vc_column_text][vc_separator type=\u00bbsmall\u00bb position=\u00bbleft\u00bb][vc_empty_space height=\u00bb20&#8243;][\/vc_column][vc_column css_animation=\u00bbbottom-to-top\u00bb width=\u00bb1\/2&#8243;][\/vc_column][\/vc_row][vc_row css_animation=\u00bb\u00bb row_type=\u00bbrow\u00bb use_row_as_full_screen_section=\u00bbno\u00bb type=\u00bbgrid\u00bb angled_section=\u00bbno\u00bb text_align=\u00bbleft\u00bb background_image_as_pattern=\u00bbwithout_pattern\u00bb z_index=\u00bb\u00bb background_color=\u00bb#ffffff\u00bb][vc_column css_animation=\u00bbbottom-to-top\u00bb width=\u00bb1\/4&#8243;][vc_column_text]<\/p>\n<p class=\"p1\"><b>Claudio Norambuena<br \/>\n<\/b>Gerente General<br \/>\n<a href=\"mailto:claudio@sercom.cl\"><span class=\"s1\">claudio@sercom.cl<\/span><\/a><\/p>\n<p>[\/vc_column_text][vc_empty_space height=\u00bb80&#8243;][\/vc_column][vc_column css_animation=\u00bbbottom-to-top\u00bb width=\u00bb1\/4&#8243;][vc_column_text]<\/p>\n<p class=\"p1\"><b>Carlos Vi\u00f1als Ortega<br \/>\n<\/b>Gerente de Finanzas<br \/>\n<a href=\"mailto:vinals@sercom.cl\"><span class=\"s1\">vinals@sercom.cl<\/span><\/a><\/p>\n<p>[\/vc_column_text][vc_empty_space height=\u00bb80&#8243;][\/vc_column][vc_column css_animation=\u00bbbottom-to-top\u00bb width=\u00bb1\/4&#8243;][vc_column_text]<\/p>\n<p class=\"p1\"><b>Ronald Rocco<br \/>\n<\/b>Gerente T\u00e9cnico<br \/>\n<a href=\"mailto:ronald@sercom.cl\"><span class=\"s1\">ronald@sercom.cl<\/span><\/a><\/p>\n<p>[\/vc_column_text][vc_empty_space height=\u00bb80&#8243;][\/vc_column][\/vc_row][vc_row css_animation=\u00bb\u00bb row_type=\u00bbrow\u00bb use_row_as_full_screen_section=\u00bbno\u00bb type=\u00bbgrid\u00bb angled_section=\u00bbno\u00bb text_align=\u00bbleft\u00bb background_image_as_pattern=\u00bbwithout_pattern\u00bb z_index=\u00bb\u00bb background_color=\u00bb#ffffff\u00bb][vc_column css_animation=\u00bbbottom-to-top\u00bb width=\u00bb1\/2&#8243;][vc_column_text]<\/p>\n<h3 class=\"p1\">Administraci\u00f3n<\/h3>\n<p>[\/vc_column_text][vc_separator type=\u00bbsmall\u00bb position=\u00bbleft\u00bb][vc_empty_space height=\u00bb20&#8243;][\/vc_column][vc_column css_animation=\u00bbbottom-to-top\u00bb width=\u00bb1\/2&#8243;][\/vc_column][\/vc_row][vc_row css_animation=\u00bb\u00bb row_type=\u00bbrow\u00bb use_row_as_full_screen_section=\u00bbno\u00bb type=\u00bbgrid\u00bb angled_section=\u00bbno\u00bb text_align=\u00bbleft\u00bb background_image_as_pattern=\u00bbwithout_pattern\u00bb z_index=\u00bb\u00bb background_color=\u00bb#ffffff\u00bb][vc_column css_animation=\u00bbbottom-to-top\u00bb width=\u00bb1\/4&#8243;][vc_column_text]<\/p>\n<p class=\"p1\"><b>Evelyn Davinson E.<br \/>\n<\/b>Asistente de Gerencia y Ventas<br \/>\n<a href=\"mailto:evelyn@sercom.cl\"><span class=\"s1\">evelyn@sercom.cl<\/span><\/a><\/p>\n<p>[\/vc_column_text][vc_empty_space height=\u00bb80&#8243;][\/vc_column][vc_column css_animation=\u00bbbottom-to-top\u00bb width=\u00bb1\/4&#8243;][vc_column_text]<\/p>\n<p class=\"p1\"><b>Carlos Vi\u00f1als Quilodr\u00e1n<br \/>\n<\/b>Marketing y Ventas<br \/>\n<a href=\"mailto:carlos.vinals@sercom.cl\"><span class=\"s1\">carlos.vinals@sercom.cl\u00a0<\/span><\/a><\/p>\n<p>[\/vc_column_text][vc_empty_space height=\u00bb80&#8243;][\/vc_column][vc_column css_animation=\u00bbbottom-to-top\u00bb width=\u00bb1\/4&#8243;][vc_column_text]<\/p>\n<p class=\"p1\"><b>Jes\u00fas Jara Arias<br \/>\n<\/b>Asistente de Finanzas y Contabilidad<br \/>\n<a href=\"mailto:jesus@sercom.cl\"><span class=\"s1\">jesus@sercom.cl<\/span><\/a><\/p>\n<p>[\/vc_column_text][vc_empty_space height=\u00bb80&#8243;][\/vc_column][vc_column css_animation=\u00bbbottom-to-top\u00bb width=\u00bb1\/4&#8243;][\/vc_column][\/vc_row][vc_row css_animation=\u00bb\u00bb row_type=\u00bbrow\u00bb use_row_as_full_screen_section=\u00bbno\u00bb type=\u00bbgrid\u00bb angled_section=\u00bbno\u00bb text_align=\u00bbleft\u00bb background_image_as_pattern=\u00bbwithout_pattern\u00bb z_index=\u00bb\u00bb background_color=\u00bb#ffffff\u00bb][vc_column css_animation=\u00bbbottom-to-top\u00bb width=\u00bb1\/2&#8243;][vc_column_text]<\/p>\n<h3 class=\"p1\">EQUIPO T\u00c9CNICO<\/h3>\n<p>[\/vc_column_text][vc_separator type=\u00bbsmall\u00bb position=\u00bbleft\u00bb][vc_empty_space height=\u00bb20&#8243;][\/vc_column][vc_column css_animation=\u00bbbottom-to-top\u00bb width=\u00bb1\/2&#8243;][\/vc_column][\/vc_row][vc_row css_animation=\u00bb\u00bb row_type=\u00bbrow\u00bb use_row_as_full_screen_section=\u00bbno\u00bb type=\u00bbgrid\u00bb angled_section=\u00bbno\u00bb text_align=\u00bbleft\u00bb background_image_as_pattern=\u00bbwithout_pattern\u00bb z_index=\u00bb\u00bb background_color=\u00bb#ffffff\u00bb][vc_column css_animation=\u00bbbottom-to-top\u00bb width=\u00bb1\/4&#8243;][vc_column_text]<\/p>\n<p class=\"p1\"><strong>Francisco Riquelme<\/strong><br \/>\nT\u00e9cnico\u00a0Electr\u00f3nico<br \/>\n<a href=\"mailto:francisco@sercom.cl\"><span class=\"s1\">francisco@sercom.cl<\/span><\/a><\/p>\n<p>[\/vc_column_text][vc_empty_space height=\u00bb80&#8243;][\/vc_column][vc_column css_animation=\u00bbbottom-to-top\u00bb width=\u00bb1\/4&#8243;][vc_column_text]<\/p>\n<p class=\"p1\"><b>Claudio Olgu\u00edn<\/b><br \/>\nTecnico Electr\u00f3nico<br \/>\n<a href=\"mailto:%20claudio.olguin@sercom.cl\"><span class=\"s1\">claudio.olguin@sercom.cl<\/span><\/a><\/p>\n<p>[\/vc_column_text][vc_empty_space height=\u00bb80&#8243;][\/vc_column][vc_column css_animation=\u00bbbottom-to-top\u00bb width=\u00bb1\/4&#8243;][vc_column_text]<\/p>\n<p class=\"p1\"><b>Jhonny Camisa<br \/>\n<\/b>Inform\u00e1tica<\/p>\n<p class=\"p1\"><span class=\"s1\"> <a href=\"mailto:jhonny.camisa@sercom.cl\"><span class=\"s2\">jhonny.camisa@sercom.cl<\/span><\/a><\/span><\/p>\n<p>[\/vc_column_text][vc_empty_space height=\u00bb80&#8243;][\/vc_column][vc_column css_animation=\u00bbbottom-to-top\u00bb width=\u00bb1\/4&#8243;][vc_column_text]<strong>Ignacio Quintanilla<\/strong><\/p>\n<p>T\u00e9cnico Electr\u00f3nico<\/p>\n<p>ignacio.quintanilla@sercom.cl[\/vc_column_text][vc_empty_space height=\u00bb80&#8243;][\/vc_column][vc_column][vc_column_text]<\/p>\n<h3 class=\"p1\">INGENIERIA\u00a0Y PROYECTOS<\/h3>\n<p>[\/vc_column_text][vc_separator type=\u00bbsmall\u00bb position=\u00bbleft\u00bb][vc_empty_space height=\u00bb20&#8243;][\/vc_column][vc_column css_animation=\u00bbbottom-to-top\u00bb width=\u00bb1\/2&#8243;][\/vc_column][\/vc_row][vc_row css_animation=\u00bb\u00bb row_type=\u00bbrow\u00bb use_row_as_full_screen_section=\u00bbno\u00bb type=\u00bbgrid\u00bb angled_section=\u00bbno\u00bb text_align=\u00bbleft\u00bb background_image_as_pattern=\u00bbwithout_pattern\u00bb z_index=\u00bb\u00bb background_color=\u00bb#ffffff\u00bb][vc_column css_animation=\u00bbbottom-to-top\u00bb width=\u00bb1\/4&#8243;][vc_column_text]<\/p>\n<p class=\"p1\"><strong>Pedro Rodr\u00edguez<\/strong><br \/>\nIngeniero de proyectos<\/p>\n<p><a href=\"mailto:pedro@sercom.cl\">pedro@sercom.cl<\/a>[\/vc_column_text][vc_empty_space height=\u00bb80&#8243;][\/vc_column][vc_column css_animation=\u00bbbottom-to-top\u00bb width=\u00bb1\/4&#8243;][vc_column_text]<\/p>\n<p class=\"p1\"><b>Alan Quintero<\/b><br \/>\nIngeniero de proyectos<\/p>\n<p><a href=\"mailto:alan@sercom.cl\">alan@sercom.cl<\/a>[\/vc_column_text][vc_empty_space height=\u00bb80&#8243;][\/vc_column][vc_column css_animation=\u00bbbottom-to-top\u00bb width=\u00bb1\/4&#8243;][\/vc_column][vc_column css_animation=\u00bbbottom-to-top\u00bb width=\u00bb1\/4&#8243;][\/vc_column][\/vc_row][vc_row css_animation=\u00bb\u00bb row_type=\u00bbrow\u00bb use_row_as_full_screen_section=\u00bbno\u00bb type=\u00bbgrid\u00bb angled_section=\u00bbno\u00bb text_align=\u00bbleft\u00bb background_image_as_pattern=\u00bbwithout_pattern\u00bb z_index=\u00bb\u00bb][vc_column css_animation=\u00bbbottom-to-top\u00bb width=\u00bb1\/4&#8243;][vc_empty_space height=\u00bb80&#8243;]<span data-type=\"circle\"  data-hover-icon-color=\"#2c2c6d\" class=\"qode_icon_shortcode fa-stack q_font_awsome_icon_stack fa-4x pull-center \" style=\" \"><a  itemprop=\"url\" href=\"http:\/\/sercom.cl\/?page_id=9\" target=\"_self\"><i class=\"fa fa-circle fa-stack-base fa-stack-2x\" style=\"\"><\/i><i class=\"qode_icon_font_awesome_5 fa5 fa fa-user-friends qode_icon_element fa-stack-1x\" style=\"\" ><\/i><\/a><\/span>[vc_separator type=\u00bbsmall\u00bb position=\u00bbcenter\u00bb][vc_column_text]<\/p>\n<h3 style=\"text-align: center;\">NOSOTROS<\/h3>\n<p>[\/vc_column_text][vc_empty_space height=\u00bb80&#8243;][\/vc_column][vc_column css_animation=\u00bbbottom-to-top\u00bb width=\u00bb1\/4&#8243;][vc_empty_space height=\u00bb80&#8243;]<span data-type=\"circle\"  data-hover-icon-color=\"#2c2c6d\" class=\"qode_icon_shortcode fa-stack q_font_awsome_icon_stack fa-4x pull-center \" style=\" \"><a  itemprop=\"url\" href=\"http:\/\/sercom.cl\/?page_id=11\" target=\"_self\"><i class=\"fa fa-circle fa-stack-base fa-stack-2x\" style=\"\"><\/i><i class=\"qode_icon_font_awesome_5 fa5 fa fa-tools qode_icon_element fa-stack-1x\" style=\"\" ><\/i><\/a><\/span>[vc_separator type=\u00bbsmall\u00bb position=\u00bbcenter\u00bb][vc_column_text]<\/p>\n<h3 style=\"text-align: center;\">PROYECTOS<\/h3>\n<p>[\/vc_column_text][vc_empty_space height=\u00bb80&#8243;][\/vc_column][vc_column css_animation=\u00bbbottom-to-top\u00bb width=\u00bb1\/4&#8243;][vc_empty_space height=\u00bb80&#8243;]<span data-type=\"circle\"  data-hover-icon-color=\"#2c2c6d\" class=\"qode_icon_shortcode fa-stack q_font_awsome_icon_stack fa-4x pull-center \" style=\" \"><a  itemprop=\"url\" href=\"http:\/\/sercom.cl\/?page_id=13\" target=\"_self\"><i class=\"fa fa-circle fa-stack-base fa-stack-2x\" style=\"\"><\/i><i class=\"qode_icon_font_awesome_5 fa5 fa fa-satellite qode_icon_element fa-stack-1x\" style=\"\" ><\/i><\/a><\/span>[vc_separator type=\u00bbsmall\u00bb position=\u00bbcenter\u00bb][vc_column_text]<\/p>\n<h3 style=\"text-align: center;\">NOTICIAS<\/h3>\n<p>[\/vc_column_text][vc_empty_space height=\u00bb80&#8243;][\/vc_column][vc_column css_animation=\u00bbbottom-to-top\u00bb width=\u00bb1\/4&#8243;][vc_empty_space height=\u00bb80&#8243;]<span data-type=\"circle\"  data-hover-icon-color=\"#2c2c6d\" class=\"qode_icon_shortcode fa-stack q_font_awsome_icon_stack fa-4x pull-center \" style=\" \"><a  itemprop=\"url\" href=\"http:\/\/sercom.cl\/?page_id=15\" target=\"_self\"><i class=\"fa fa-circle fa-stack-base fa-stack-2x\" style=\"\"><\/i><i class=\"qode_icon_font_awesome_5 fa5 fa fa-map-marked-alt qode_icon_element fa-stack-1x\" style=\"\" ><\/i><\/a><\/span>[vc_separator type=\u00bbsmall\u00bb position=\u00bbcenter\u00bb][vc_column_text]<\/p>\n<h3 style=\"text-align: center;\">CONTACTO<\/h3>\n<p>[\/vc_column_text][vc_empty_space height=\u00bb80&#8243;][\/vc_column][\/vc_row][vc_row css_animation=\u00bb\u00bb row_type=\u00bbrow\u00bb use_row_as_full_screen_section=\u00bbno\u00bb type=\u00bbgrid\u00bb angled_section=\u00bbno\u00bb text_align=\u00bbleft\u00bb background_image_as_pattern=\u00bbwithout_pattern\u00bb z_index=\u00bb\u00bb background_color=\u00bb#2c2c6d\u00bb][vc_column width=\u00bb1\/4&#8243;][vc_empty_space height=\u00bb40&#8243;][vc_single_image image=\u00bb116&#8243; img_size=\u00bb250&#215;80&#8243; qode_css_animation=\u00bb\u00bb][vc_empty_space height=\u00bb40&#8243;][\/vc_column][vc_column width=\u00bb1\/4&#8243;][vc_empty_space height=\u00bb80&#8243;][vc_column_text]<\/p>\n<h3 class=\"p1\" style=\"text-align: left;\"><span style=\"color: #ffffff;\">REDES SOCIALES<\/span><\/h3>\n<p>[\/vc_column_text][vc_separator type=\u00bbsmall\u00bb position=\u00bbleft\u00bb]<span class='q_social_icon_holder circle_social' data-color=#ffffff data-hover-background-color=#ffffff data-hover-color=#2c2c6d><span class='fa-stack fa-lg' style='background-color: #ff4438;'><i class=\"qode_icon_font_awesome fa fa-facebook \" style=\"color: #ffffff;\" ><\/i><\/span><\/span><span class='q_social_icon_holder circle_social' data-color=#ffffff data-hover-background-color=#ffffff data-hover-color=#2c2c6d><span class='fa-stack fa-lg' style='background-color: #ff4438;'><i class=\"qode_icon_font_awesome fa fa-youtube-play \" style=\"color: #ffffff;\" ><\/i><\/span><\/span><span class='q_social_icon_holder circle_social' data-color=#ffffff data-hover-background-color=#ffffff data-hover-color=#2c2c6d><span class='fa-stack fa-lg' style='background-color: #ff4438;'><i class=\"qode_icon_font_awesome fa fa-twitter \" style=\"color: #ffffff;\" ><\/i><\/span><\/span><span class='q_social_icon_holder circle_social' data-color=#ffffff data-hover-background-color=#ffffff data-hover-color=#2c2c6d><span class='fa-stack fa-lg' style='background-color: #ff4438;'><i class=\"qode_icon_font_awesome fa fa-linkedin \" style=\"color: #ffffff;\" ><\/i><\/span><\/span>[vc_empty_space height=\u00bb80&#8243;][\/vc_column][vc_column width=\u00bb1\/4&#8243;][vc_empty_space height=\u00bb80&#8243;][vc_column_text]<\/p>\n<h3 class=\"p1\" style=\"text-align: left;\"><span style=\"color: #ffffff;\">CONT\u00c1CTANOS<\/span><\/h3>\n<p>[\/vc_column_text][vc_separator type=\u00bbsmall\u00bb position=\u00bbleft\u00bb][vc_column_text]<\/p>\n<p class=\"p1\"><span class=\"s1\" style=\"color: #ffffff;\"><a style=\"color: #ffffff;\" href=\"tel:Tel%C3%A9fono:%20(56)%02%02429%04280%\">(56) 2 2429 4280 <\/a><\/span><\/p>\n<p class=\"p1\"><span class=\"s1\" style=\"color: #ffffff;\"><a style=\"color: #ffffff;\" href=\"mailto:contactenos@sercom.cl\">contactenos@sercom.cl<\/a><\/span><\/p>\n<p><span style=\"color: #ffffff;\">Miguel Claro #2001, Providencia.<\/span>[\/vc_column_text][vc_empty_space height=\u00bb80&#8243;][\/vc_column][vc_column width=\u00bb1\/4&#8243;][vc_empty_space height=\u00bb80&#8243;][vc_column_text]<\/p>\n<h3 class=\"p1\" style=\"text-align: left;\"><span style=\"color: #ffffff;\">ENLACES<\/span><\/h3>\n<p>[\/vc_column_text][vc_separator type=\u00bbsmall\u00bb position=\u00bbleft\u00bb][vc_column_text]<a href=\"http:\/\/sercom.cl\/\"><span style=\"color: #ffffff;\">Inicio<\/span><\/a><\/p>\n<p class=\"p1\"><a href=\"http:\/\/sercom.cl\/?page_id=9\"><span style=\"color: #ffffff;\">Nosotros<\/span><\/a><\/p>\n<p><a href=\"http:\/\/sercom.cl\/?page_id=11\"><span style=\"color: #ffffff;\">Proyectos<\/span><\/a><\/p>\n<p><a href=\"http:\/\/sercom.cl\/?page_id=13\"><span style=\"color: #ffffff;\">Noticias<\/span><\/a><\/p>\n<p><a href=\"http:\/\/sercom.cl\/?page_id=15\"><span style=\"color: #ffffff;\">Contacto<\/span><\/a>[\/vc_column_text][vc_empty_space height=\u00bb80&#8243;][\/vc_column][\/vc_row]<\/p>\n","protected":false},"excerpt":{"rendered":"<p>[vc_row css_animation=\u00bb\u00bb row_type=\u00bbrow\u00bb use_row_as_full_screen_section=\u00bbno\u00bb type=\u00bbgrid\u00bb angled_section=\u00bbno\u00bb text_align=\u00bbleft\u00bb background_image_as_pattern=\u00bbwithout_pattern\u00bb z_index=\u00bb\u00bb background_image=\u00bb141&#8243;][vc_column css_animation=\u00bbnone\u00bb][vc_empty_space height=\u00bb100&#8243;][vc_column_text] ACERCA DE NOSOTROS [\/vc_column_text][vc_empty_space height=\u00bb20&#8243;][vc_separator type=\u00bbsmall\u00bb position=\u00bbleft\u00bb][vc_column_text] En sus m\u00e1s de 20 a\u00f1os de vida, SERCOM ha logrado una exitosa experiencia en el \u00e1rea de servicios y comunicaciones, puesto que cuenta con una&#8230;<\/p>\n","protected":false},"author":1,"featured_media":0,"parent":0,"menu_order":0,"comment_status":"closed","ping_status":"closed","template":"full_width.php","meta":{"footnotes":""},"class_list":["post-9","page","type-page","status-publish","hentry"],"_links":{"self":[{"href":"https:\/\/sercom.cl\/index.php?rest_route=\/wp\/v2\/pages\/9","targetHints":{"allow":["GET"]}}],"collection":[{"href":"https:\/\/sercom.cl\/index.php?rest_route=\/wp\/v2\/pages"}],"about":[{"href":"https:\/\/sercom.cl\/index.php?rest_route=\/wp\/v2\/types\/page"}],"author":[{"embeddable":true,"href":"https:\/\/sercom.cl\/index.php?rest_route=\/wp\/v2\/users\/1"}],"replies":[{"embeddable":true,"href":"https:\/\/sercom.cl\/index.php?rest_route=%2Fwp%2Fv2%2Fcomments&post=9"}],"version-history":[{"count":51,"href":"https:\/\/sercom.cl\/index.php?rest_route=\/wp\/v2\/pages\/9\/revisions"}],"predecessor-version":[{"id":280,"href":"https:\/\/sercom.cl\/index.php?rest_route=\/wp\/v2\/pages\/9\/revisions\/280"}],"wp:attachment":[{"href":"https:\/\/sercom.cl\/index.php?rest_route=%2Fwp%2Fv2%2Fmedia&parent=9"}],"curies":[{"name":"wp","href":"https:\/\/api.w.org\/{rel}","templated":true}]}}